{"id":10,"date":"2021-08-29T07:31:53","date_gmt":"2021-08-29T07:31:53","guid":{"rendered":"https:\/\/seelischegesundheit-regensburg.de\/?page_id=10"},"modified":"2024-06-13T12:13:23","modified_gmt":"2024-06-13T12:13:23","slug":"impressum","status":"publish","type":"page","link":"https:\/\/seelischegesundheit-regensburg.de\/?page_id=10","title":{"rendered":"Impressum"},"content":{"rendered":"\n<p class=\"has-small-font-size\">\u201eIrren ist menschlich\u201c e.V.<br>Verein f\u00fcr Psychiatrie-Erfahrene in und um Regensburg<br>Wollwirkergasse 4<br>93047 Regensburg<\/p>\n\n\n\n<p class=\"has-tiny-font-size\">Telefon: 0941 \u2013 50479777<br>Vereinsregister- Nummer beim Amtsgericht Regensburg: VR Nr. 1567<br>V.i.S.d.P.: Chris Kerbeck<\/p>\n\n\n\n<h1 class=\"wp-block-heading\">Disclaimer \u2013 Haftungsausschluss<\/h1>\n\n\n\n<p><strong>Haftung f\u00fcr Inhalte<\/strong><\/p>\n\n\n\n<p>Obwohl wir uns um Aktualit\u00e4t, Vollst\u00e4ndigkeit und Richtigkeit der Inhalte unserer Seiten bem\u00fchen, k\u00f6nnen wir hierf\u00fcr keine Garantie \u00fcbernehmen.<\/p>\n\n\n\n<p>Nach \u00a7 7 Absatz 1 TDG sind wir als Diensteanbieter f\u00fcr eigene Inhalte auf unseren Seiten nach den allgemeinen Gesetzen verantwortlich.<\/p>\n\n\n\n<p>Eine Verpflichtung zur \u00dcberwachung \u00fcbermittelter oder gespeicherter fremder Informationen besteht jedoch nicht (\u00a7\u00a7 8-10 TDG). Sobald uns Rechtsverst\u00f6\u00dfe bekannt werden, werden wir die entsprechenden Inhalte umgehend entfernen. Eine dahingehende Haftung wird jedoch erst ab dem Zeitpunkt der Kenntnis konkreter Rechtsverletzungen \u00fcbernommen.<\/p>\n\n\n\n<p><strong>Haftung f\u00fcr Links<\/strong><\/p>\n\n\n\n<p>Unsere Seiten enthalten Links auf externe Webseiten Dritter. Auf die Inhalte dieser verlinkten Webseiten haben wir keinen Einfluss. F\u00fcr die Richtigkeit der Inhalte ist immer der jeweilige Anbieter oder Betreiber verantwortlich, weshalb wir diesbez\u00fcglich keinerlei Gew\u00e4hr \u00fcbernehmen.<\/p>\n\n\n\n<p>Die fremden Webseiten haben wir zum Zeitpunkt der Verlinkung auf m\u00f6gliche Rechtsverst\u00f6\u00dfe \u00fcberpr\u00fcft. Zum Zeitpunkt der Verlinkung waren keinerlei Rechtsverletzungen erkennbar. Eine st\u00e4ndige \u00dcberpr\u00fcfung s\u00e4mtlicher Inhalte der von uns verlinkten Seiten ohne tats\u00e4chliche Anhaltspunkte f\u00fcr einen Rechtsversto\u00df k\u00f6nnen wir nicht leisten. Falls uns Rechtsverletzungen bekannt werden, werden wir die entsprechenden Links sofort entfernen.<\/p>\n\n\n\n<p><strong>Urheberrecht<\/strong><\/p>\n\n\n\n<p>Die durch den Betreiber dieser Seite erstellten Inhalte und Werke auf diesen Webseiten unterliegen dem deutschen Urheberrecht. S\u00e4mtliche Beitr\u00e4ge Dritter sind als solche gekennzeichnet. Die Vervielf\u00e4ltigung, Bearbeitung, Verbreitung und jede Art der Verwertung au\u00dferhalb der Grenzen des Urheberrechts bed\u00fcrfen der schriftlichen Zustimmung des jeweiligen Autors bzw. Erstellers. Kopien von diesen Seiten sind nur f\u00fcr den privaten Bereich gestattet, nicht jedoch f\u00fcr kommerzielle Zwecke.<\/p>\n\n\n\n<p><strong>Datenschutz<\/strong><\/p>\n\n\n\n<p>F\u00fcr die Sicherheit der Daten\u00fcbertragung im Internet k\u00f6nnen wir keine Gew\u00e4hr \u00fcbernehmen, insbesondere besteht bei der \u00dcbertragung von Daten per E-Mail die Gefahr des Zugriffs durch Dritte.<\/p>\n\n\n\n<p>Im Falle der Erhebung personenbezogener Daten auf unseren Seiten erfolgt die Preisgabe dieser Daten seitens des Nutzers stets auf freiwilliger Basis. Die Inanspruchnahme und Bezahlung aller angebotenen Dienste ist auch ohne Angabe solcher Daten bzw. unter Angabe anonymisierter Daten oder eines Pseudonyms gestattet, soweit dies technisch m\u00f6glich und zumutbar ist.<\/p>\n\n\n\n<p>Einer Nutzung der im Impressum ver\u00f6ffentlichten Kontaktdaten durch Dritte zu Werbezwecken wird hiermit ausdr\u00fccklich widersprochen. Der Betreiber beh\u00e4lt sich f\u00fcr den Fall unverlangt zugesandter Werbe- oder Informationsmaterialien ausdr\u00fccklich rechtliche Schritte vor.<\/p>\n\n\n\n<p><br>1.&nbsp;&nbsp;&nbsp; Zur Erf\u00fcllung der Zwecke des Vereins werden unter Beachtung der gesetzlichen Vorgaben der DSGVO personenbezogenen Daten und pers\u00f6nliche und sachgerechte Verh\u00e4ltnisse der Mitglieder im Verein gespeichert, \u00fcbermittelt und ver\u00e4ndert.<\/p>\n\n\n\n<p><br>2.&nbsp;&nbsp;&nbsp; Jedes Mitglied hat das Recht auf:&nbsp;&nbsp;&nbsp;&nbsp;&nbsp;&nbsp;&nbsp;&nbsp;&nbsp;&nbsp;&nbsp;&nbsp;&nbsp;&nbsp;&nbsp;&nbsp;&nbsp;&nbsp;&nbsp;&nbsp;&nbsp;&nbsp;&nbsp;&nbsp;&nbsp;&nbsp; &nbsp;<br>a)&nbsp;&nbsp;&nbsp; Auskunft \u00fcber die zu seiner Person&nbsp; gespeicherten Daten&nbsp;&nbsp;&nbsp;&nbsp;&nbsp;&nbsp;&nbsp;&nbsp;&nbsp;&nbsp;&nbsp;&nbsp;&nbsp;&nbsp;&nbsp;&nbsp;&nbsp;&nbsp;&nbsp;&nbsp;&nbsp;&nbsp;&nbsp;&nbsp;&nbsp;&nbsp;&nbsp;&nbsp; &nbsp;<br>b)&nbsp;&nbsp;&nbsp; Berichtigung \u00fcber die zu seiner Person gespeicherten Daten, wenn sie unrichtig sind&nbsp;&nbsp;&nbsp;&nbsp;&nbsp;&nbsp; &nbsp;<br>c)&nbsp;&nbsp;&nbsp; Sperrung der zu seiner Person gespeicherten Daten, wenn sich bei&nbsp; behaupteten Fehlern weder deren Richtigkeit noch deren Unrichtigkeit&nbsp; feststellen l\u00e4sst<br>d)&nbsp;&nbsp;&nbsp; L\u00f6schung der zu&nbsp; seiner Person gespeicherten Daten, wenn die Speicherung unzul\u00e4ssig war.<\/p>\n\n\n\n<p><br>3.&nbsp;&nbsp;&nbsp; Dem Vorstand des Vereins, allen Mitarbeitern oder sonst f\u00fcr den Verein T\u00e4tigen ist es untersagt, personenbezogene Daten unbefugt zu anderen als dem jeweiligen Aufgabenerf\u00fcllung geh\u00f6renden Zweck zu verarbeiten, bekannt zu geben, Dritten zug\u00e4nglich zu machen oder sonst zu nutzen. Diese Pflicht besteht auch \u00fcber das Ausscheiden der oben genannten Personen aus dem Verein.<\/p>\n\n\n\n<p><em>Diese Website verwendet ein&nbsp;<strong>Vimeo Plug In<\/strong>, das von Vimeo Inc. entwickelt und betrieben wird und an dem Vimeo-Logo erkennbar ist. Das Plug-in stellt eine direkte&nbsp;<strong>Verbindung zwischen Ihrem Browser und den Vimeo-Servern<\/strong>&nbsp;her, sobald es aktiviert wurde. Hierf\u00fcr ist ein Klick und die Eingabe des Passwortes f\u00fcr das Video erforderlich. Auf die&nbsp;<strong>Art und den Umfang der Daten<\/strong>, die in diesem Rahmen an Vimeo Inc. \u00fcbermittelt werden, haben wir keinerlei Einfluss. Eine \u00c4u\u00dferung des Unternehmens zu diesem Thema finden Sie unter folgendem Link&nbsp;<a href=\"https:\/\/vimeo.com\/privacy\">https:\/\/vimeo.com\/privacy<\/a><\/em><\/p>\n\n\n\n<p><strong>Bildrechte<\/strong><\/p>\n\n\n\n<p>Die Bildrechte liegen bei den jeweiligen Abgebildeten bzw. Fotografen:<\/p>\n\n\n\n<div class=\"wp-block-columns is-layout-flex wp-container-core-columns-is-layout-9d6595d7 wp-block-columns-is-layout-flex\">\n<div class=\"wp-block-column is-layout-flow wp-block-column-is-layout-flow\" style=\"flex-basis:100%\">\n<div class=\"wp-block-group\"><div class=\"wp-block-group__inner-container is-layout-flow wp-block-group-is-layout-flow\">\n<div class=\"wp-block-group\"><div class=\"wp-block-group__inner-container is-layout-flow wp-block-group-is-layout-flow\">\n<figure class=\"wp-block-table is-style-regular\"><table><tbody><tr><td>Adler Regensburg Handball<\/td><td>Hans-Christian Wagner<\/td><\/tr><tr><td>Alex<\/td><td>A. Jobst<\/td><\/tr><tr><td>Andreas Kinadeter, Claudia Burmeister<\/td><td>Lisbeth Wagner<\/td><\/tr><tr><td>Armin Wolf und Armin Wolf Laufteam<\/td><td>Armin Wolf<\/td><\/tr><tr><td>Autismus Regensburg e.V.<\/td><td>Iris Hackermeier<\/td><\/tr><tr><td>Barm. Br\u00fcder Schwandorf<\/td><td>Pressestelle des Krankenhauses der Barmh. Br\u00fcder in Schwandorf<\/td><\/tr><tr><td>Barm. Br\u00fcder Regensburg<\/td><td>Stephanie Tschautscher<\/td><\/tr><tr><td>BRK Rettungswache W\u00f6rth a.d. Donau<\/td><td>Melanie Kopp<\/td><\/tr><tr><td>Caritasdirektor Wei\u00dfmann<\/td><td>Fuchs\/burcom<\/td><\/tr><tr><td>Druckgusswerk Wolf<\/td><td>Tamara Rosenlehner<\/td><\/tr><tr><td>Drugstop<\/td><td>Rose Heuberger<\/td><\/tr><tr><td>EBW<\/td><td>Birgit Koch<\/td><\/tr><tr><td>Eisb\u00e4ren und Eisb\u00e4ren-Trainer<\/td><td>Armin Wolf<\/td><\/tr><tr><td>Freiwilligenagentur Ehrenamtliche Helfer<\/td><td>Patricia Braun<\/td><\/tr><tr><td>FreiwilligenAgentur, Kiss-Team<\/td><td>Kareen Manz<\/td><\/tr><tr><td>Gerda Stauner<\/td><td>Gerda Stauner<\/td><\/tr><tr><td>Gleichstellungsbeauftragte<\/td><td>Petula Hermansky<\/td><\/tr><tr><td>Guggenberger Legion\u00e4re<\/td><td>Armin Wolf<\/td><\/tr><tr><td>Handball Damen<\/td><td>Hans Christian Wagner<\/td><\/tr><tr><td>Ifd berufliche Sicherung<\/td><td>Claudia Jung<\/td><\/tr><tr><td>Inge Faes-Wagner<\/td><td>Inge Faes-Wagner<\/td><\/tr><tr><td>Johannes Bischof, Kindertagesst\u00e4tte K\u00f6nigsm\u00e4use, finally acustic pop<\/td><td>Nataliya Nikiforova<\/td><\/tr><tr><td>Jutta Sonnleitner<\/td><td>Jutta Sonnleitner<\/td><\/tr><tr><td>Klaus Nui\u00dfl<\/td><td>Klaus Nui\u00dfl<\/td><\/tr><tr><td>Landr\u00e4tin Schweiger<\/td><td>Hubert Lankes<\/td><\/tr><tr><td>Langquaid und Pelocan<\/td><td>Anke Offenbach<\/td><\/tr><tr><td>Literarische Apotheke<\/td><td>Thomas Holz, SB Regensburg<\/td><\/tr><tr><td>Manuel Maier<\/td><td>Manuel Maier<\/td><\/tr><tr><td>Markus Engelst\u00e4dter<\/td><td>Markus Engelst\u00e4dter<\/td><\/tr><tr><td>medbo<\/td><td>Juliane Zitzlsperger<\/td><\/tr><tr><td>Monsignore Thomas Pinzer<\/td><td>Sarah Payer<\/td><\/tr><tr><td>Prof. Dr. Claudia Winkler<\/td><td>OTH Regensburg<\/td><\/tr><tr><td>PsycheToGo<\/td><td>Barbara Primbs<\/td><\/tr><tr><td>Ringelstetter und Matzko<\/td><td>Claus Biedermann<\/td><\/tr><tr><td>Rudi Gra\u00df<\/td><td>Rudi Gra\u00df<\/td><\/tr><tr><td>SSV Jahn<\/td><td>Johannes Liedl<\/td><\/tr><tr><td>Stadtvertreter*innen Regensburg<\/td><td>Stefan Effenhauser<\/td><\/tr><tr><td>Suchtarbeitskreis Regensburg<\/td><td>Dr. Willi Unglaub<\/td><\/tr><tr><td>Tobias Ostermeier<\/td><td>Tobias Ostermeier<\/td><\/tr><tr><td>Zitronella &amp; Liesl Schnattermeier, Klinikclowns<\/td><td>Rita H\u00f6ppner<\/td><\/tr><tr><td>retex<\/td><td>retex<\/td><\/tr><\/tbody><\/table><\/figure>\n\n\n\n<div class=\"wp-block-columns is-layout-flex wp-container-core-columns-is-layout-9d6595d7 wp-block-columns-is-layout-flex\">\n<div class=\"wp-block-column is-layout-flow wp-block-column-is-layout-flow\"><\/div>\n\n\n\n<div class=\"wp-block-column is-layout-flow wp-block-column-is-layout-flow\"><\/div>\n<\/div>\n<\/div><\/div>\n<\/div><\/div>\n<\/div>\n<\/div>\n\n\n\n<p><strong>Rechtswirksamkeit dieses Haftungsausschlusses<\/strong><\/p>\n\n\n\n<p>Sollten einzelne Regelungen oder Formulierungen dieses Haftungsausschlusses unwirksam sein oder werden, bleiben die \u00fcbrigen Regelungen in ihrem Inhalt und ihrer G\u00fcltigkeit hiervon unber\u00fchrt.<\/p>\n\n\n\n<p>Quelle:&nbsp;<a href=\"http:\/\/www.anwalt-seiten.de\/\">http:\/\/www.anwalt-seiten.de<\/a>&nbsp; und \u00dcberarbeitung durch einen Rechtsanwalt<\/p>\n","protected":false},"excerpt":{"rendered":"<p>\u201eIrren ist menschlich\u201c e.V.Verein f\u00fcr Psychiatrie-Erfahrene in und um RegensburgWollwirkergasse 493047 Regensburg Telefon: 0941 \u2013 50479777Vereinsregister- Nummer beim Amtsgericht Regensburg: VR Nr. 1567V.i.S.d.P.: Chris Kerbeck Disclaimer \u2013 Haftungsausschluss Haftung f\u00fcr<a class=\"more-link\" href=\"https:\/\/seelischegesundheit-regensburg.de\/?page_id=10\"><span class=\"screen-reader-text\">&#8222;Impressum&#8220;<\/span> weiterlesen<\/a><\/p>\n","protected":false},"author":1,"featured_media":0,"parent":0,"menu_order":0,"comment_status":"closed","ping_status":"closed","template":"","meta":{"footnotes":""},"class_list":["post-10","page","type-page","status-publish","hentry","entry"],"_links":{"self":[{"href":"https:\/\/seelischegesundheit-regensburg.de\/index.php?rest_route=\/wp\/v2\/pages\/10","targetHints":{"allow":["GET"]}}],"collection":[{"href":"https:\/\/seelischegesundheit-regensburg.de\/index.php?rest_route=\/wp\/v2\/pages"}],"about":[{"href":"https:\/\/seelischegesundheit-regensburg.de\/index.php?rest_route=\/wp\/v2\/types\/page"}],"author":[{"embeddable":true,"href":"https:\/\/seelischegesundheit-regensburg.de\/index.php?rest_route=\/wp\/v2\/users\/1"}],"replies":[{"embeddable":true,"href":"https:\/\/seelischegesundheit-regensburg.de\/index.php?rest_route=%2Fwp%2Fv2%2Fcomments&post=10"}],"version-history":[{"count":66,"href":"https:\/\/seelischegesundheit-regensburg.de\/index.php?rest_route=\/wp\/v2\/pages\/10\/revisions"}],"predecessor-version":[{"id":1467,"href":"https:\/\/seelischegesundheit-regensburg.de\/index.php?rest_route=\/wp\/v2\/pages\/10\/revisions\/1467"}],"wp:attachment":[{"href":"https:\/\/seelischegesundheit-regensburg.de\/index.php?rest_route=%2Fwp%2Fv2%2Fmedia&parent=10"}],"curies":[{"name":"wp","href":"https:\/\/api.w.org\/{rel}","templated":true}]}}

<p class="has-small-font-size">„Irren ist menschlich“ e.V.<br>Verein für Psychiatrie-Erfahrene in und um Regensburg<br>Wollwirkergasse 4<br>93047 Regensburg</p>



<p class="has-tiny-font-size">Telefon: 0941 – 50479777<br>Vereinsregister- Nummer beim Amtsgericht Regensburg: VR Nr. 1567<br>V.i.S.d.P.: Chris Kerbeck</p>



<h1 class="wp-block-heading">Disclaimer – Haftungsausschluss</h1>



<p><strong>Haftung für Inhalte</strong></p>



<p>Obwohl wir uns um Aktualität, Vollständigkeit und Richtigkeit der Inhalte unserer Seiten bemühen, können wir hierfür keine Garantie übernehmen.</p>



<p>Nach § 7 Absatz 1 TDG sind wir als Diensteanbieter für eigene Inhalte auf unseren Seiten nach den allgemeinen Gesetzen verantwortlich.</p>



<p>Eine Verpflichtung zur Überwachung übermittelter oder gespeicherter fremder Informationen besteht jedoch nicht (§§ 8-10 TDG). Sobald uns Rechtsverstöße bekannt werden, werden wir die entsprechenden Inhalte umgehend entfernen. Eine dahingehende Haftung wird jedoch erst ab dem Zeitpunkt der Kenntnis konkreter Rechtsverletzungen übernommen.</p>



<p><strong>Haftung für Links</strong></p>



<p>Unsere Seiten enthalten Links auf externe Webseiten Dritter. Auf die Inhalte dieser verlinkten Webseiten haben wir keinen Einfluss. Für die Richtigkeit der Inhalte ist immer der jeweilige Anbieter oder Betreiber verantwortlich, weshalb wir diesbezüglich keinerlei Gewähr übernehmen.</p>



<p>Die fremden Webseiten haben wir zum Zeitpunkt der Verlinkung auf mögliche Rechtsverstöße überprüft. Zum Zeitpunkt der Verlinkung waren keinerlei Rechtsverletzungen erkennbar. Eine ständige Überprüfung sämtlicher Inhalte der von uns verlinkten Seiten ohne tatsächliche Anhaltspunkte für einen Rechtsverstoß können wir nicht leisten. Falls uns Rechtsverletzungen bekannt werden, werden wir die entsprechenden Links sofort entfernen.</p>



<p><strong>Urheberrecht</strong></p>



<p>Die durch den Betreiber dieser Seite erstellten Inhalte und Werke auf diesen Webseiten unterliegen dem deutschen Urheberrecht. Sämtliche Beiträge Dritter sind als solche gekennzeichnet. Die Vervielfältigung, Bearbeitung, Verbreitung und jede Art der Verwertung außerhalb der Grenzen des Urheberrechts bedürfen der schriftlichen Zustimmung des jeweiligen Autors bzw. Erstellers. Kopien von diesen Seiten sind nur für den privaten Bereich gestattet, nicht jedoch für kommerzielle Zwecke.</p>



<p><strong>Datenschutz</strong></p>



<p>Für die Sicherheit der Datenübertragung im Internet können wir keine Gewähr übernehmen, insbesondere besteht bei der Übertragung von Daten per E-Mail die Gefahr des Zugriffs durch Dritte.</p>



<p>Im Falle der Erhebung personenbezogener Daten auf unseren Seiten erfolgt die Preisgabe dieser Daten seitens des Nutzers stets auf freiwilliger Basis. Die Inanspruchnahme und Bezahlung aller angebotenen Dienste ist auch ohne Angabe solcher Daten bzw. unter Angabe anonymisierter Daten oder eines Pseudonyms gestattet, soweit dies technisch möglich und zumutbar ist.</p>



<p>Einer Nutzung der im Impressum veröffentlichten Kontaktdaten durch Dritte zu Werbezwecken wird hiermit ausdrücklich widersprochen. Der Betreiber behält sich für den Fall unverlangt zugesandter Werbe- oder Informationsmaterialien ausdrücklich rechtliche Schritte vor.</p>



<p><br>1.&nbsp;&nbsp;&nbsp; Zur Erfüllung der Zwecke des Vereins werden unter Beachtung der gesetzlichen Vorgaben der DSGVO personenbezogenen Daten und persönliche und sachgerechte Verhältnisse der Mitglieder im Verein gespeichert, übermittelt und verändert.</p>



<p><br>2.&nbsp;&nbsp;&nbsp; Jedes Mitglied hat das Recht auf:&nbsp;&nbsp;&nbsp;&nbsp;&nbsp;&nbsp;&nbsp;&nbsp;&nbsp;&nbsp;&nbsp;&nbsp;&nbsp;&nbsp;&nbsp;&nbsp;&nbsp;&nbsp;&nbsp;&nbsp;&nbsp;&nbsp;&nbsp;&nbsp;&nbsp;&nbsp; &nbsp;<br>a)&nbsp;&nbsp;&nbsp; Auskunft über die zu seiner Person&nbsp; gespeicherten Daten&nbsp;&nbsp;&nbsp;&nbsp;&nbsp;&nbsp;&nbsp;&nbsp;&nbsp;&nbsp;&nbsp;&nbsp;&nbsp;&nbsp;&nbsp;&nbsp;&nbsp;&nbsp;&nbsp;&nbsp;&nbsp;&nbsp;&nbsp;&nbsp;&nbsp;&nbsp;&nbsp;&nbsp; &nbsp;<br>b)&nbsp;&nbsp;&nbsp; Berichtigung über die zu seiner Person gespeicherten Daten, wenn sie unrichtig sind&nbsp;&nbsp;&nbsp;&nbsp;&nbsp;&nbsp; &nbsp;<br>c)&nbsp;&nbsp;&nbsp; Sperrung der zu seiner Person gespeicherten Daten, wenn sich bei&nbsp; behaupteten Fehlern weder deren Richtigkeit noch deren Unrichtigkeit&nbsp; feststellen lässt<br>d)&nbsp;&nbsp;&nbsp; Löschung der zu&nbsp; seiner Person gespeicherten Daten, wenn die Speicherung unzulässig war.</p>



<p><br>3.&nbsp;&nbsp;&nbsp; Dem Vorstand des Vereins, allen Mitarbeitern oder sonst für den Verein Tätigen ist es untersagt, personenbezogene Daten unbefugt zu anderen als dem jeweiligen Aufgabenerfüllung gehörenden Zweck zu verarbeiten, bekannt zu geben, Dritten zugänglich zu machen oder sonst zu nutzen. Diese Pflicht besteht auch über das Ausscheiden der oben genannten Personen aus dem Verein.</p>



<p><em>Diese Website verwendet ein&nbsp;<strong>Vimeo Plug In</strong>, das von Vimeo Inc. entwickelt und betrieben wird und an dem Vimeo-Logo erkennbar ist. Das Plug-in stellt eine direkte&nbsp;<strong>Verbindung zwischen Ihrem Browser und den Vimeo-Servern</strong>&nbsp;her, sobald es aktiviert wurde. Hierfür ist ein Klick und die Eingabe des Passwortes für das Video erforderlich. Auf die&nbsp;<strong>Art und den Umfang der Daten</strong>, die in diesem Rahmen an Vimeo Inc. übermittelt werden, haben wir keinerlei Einfluss. Eine Äußerung des Unternehmens zu diesem Thema finden Sie unter folgendem Link&nbsp;<a href="https://vimeo.com/privacy">https://vimeo.com/privacy</a></em></p>



<p><strong>Bildrechte</strong></p>



<p>Die Bildrechte liegen bei den jeweiligen Abgebildeten bzw. Fotografen:</p>



<div class="wp-block-columns is-layout-flex wp-container-core-columns-is-layout-9d6595d7 wp-block-columns-is-layout-flex">
<div class="wp-block-column is-layout-flow wp-block-column-is-layout-flow" style="flex-basis:100%">
<div class="wp-block-group"><div class="wp-block-group__inner-container is-layout-flow wp-block-group-is-layout-flow">
<div class="wp-block-group"><div class="wp-block-group__inner-container is-layout-flow wp-block-group-is-layout-flow">
<figure class="wp-block-table is-style-regular"><table><tbody><tr><td>Adler Regensburg Handball</td><td>Hans-Christian Wagner</td></tr><tr><td>Alex</td><td>A. Jobst</td></tr><tr><td>Andreas Kinadeter, Claudia Burmeister</td><td>Lisbeth Wagner</td></tr><tr><td>Armin Wolf und Armin Wolf Laufteam</td><td>Armin Wolf</td></tr><tr><td>Autismus Regensburg e.V.</td><td>Iris Hackermeier</td></tr><tr><td>Barm. Brüder Schwandorf</td><td>Pressestelle des Krankenhauses der Barmh. Brüder in Schwandorf</td></tr><tr><td>Barm. Brüder Regensburg</td><td>Stephanie Tschautscher</td></tr><tr><td>BRK Rettungswache Wörth a.d. Donau</td><td>Melanie Kopp</td></tr><tr><td>Caritasdirektor Weißmann</td><td>Fuchs/burcom</td></tr><tr><td>Druckgusswerk Wolf</td><td>Tamara Rosenlehner</td></tr><tr><td>Drugstop</td><td>Rose Heuberger</td></tr><tr><td>EBW</td><td>Birgit Koch</td></tr><tr><td>Eisbären und Eisbären-Trainer</td><td>Armin Wolf</td></tr><tr><td>Freiwilligenagentur Ehrenamtliche Helfer</td><td>Patricia Braun</td></tr><tr><td>FreiwilligenAgentur, Kiss-Team</td><td>Kareen Manz</td></tr><tr><td>Gerda Stauner</td><td>Gerda Stauner</td></tr><tr><td>Gleichstellungsbeauftragte</td><td>Petula Hermansky</td></tr><tr><td>Guggenberger Legionäre</td><td>Armin Wolf</td></tr><tr><td>Handball Damen</td><td>Hans Christian Wagner</td></tr><tr><td>Ifd berufliche Sicherung</td><td>Claudia Jung</td></tr><tr><td>Inge Faes-Wagner</td><td>Inge Faes-Wagner</td></tr><tr><td>Johannes Bischof, Kindertagesstätte Königsmäuse, finally acustic pop</td><td>Nataliya Nikiforova</td></tr><tr><td>Jutta Sonnleitner</td><td>Jutta Sonnleitner</td></tr><tr><td>Klaus Nuißl</td><td>Klaus Nuißl</td></tr><tr><td>Landrätin Schweiger</td><td>Hubert Lankes</td></tr><tr><td>Langquaid und Pelocan</td><td>Anke Offenbach</td></tr><tr><td>Literarische Apotheke</td><td>Thomas Holz, SB Regensburg</td></tr><tr><td>Manuel Maier</td><td>Manuel Maier</td></tr><tr><td>Markus Engelstädter</td><td>Markus Engelstädter</td></tr><tr><td>medbo</td><td>Juliane Zitzlsperger</td></tr><tr><td>Monsignore Thomas Pinzer</td><td>Sarah Payer</td></tr><tr><td>Prof. Dr. Claudia Winkler</td><td>OTH Regensburg</td></tr><tr><td>PsycheToGo</td><td>Barbara Primbs</td></tr><tr><td>Ringelstetter und Matzko</td><td>Claus Biedermann</td></tr><tr><td>Rudi Graß</td><td>Rudi Graß</td></tr><tr><td>SSV Jahn</td><td>Johannes Liedl</td></tr><tr><td>Stadtvertreter*innen Regensburg</td><td>Stefan Effenhauser</td></tr><tr><td>Suchtarbeitskreis Regensburg</td><td>Dr. Willi Unglaub</td></tr><tr><td>Tobias Ostermeier</td><td>Tobias Ostermeier</td></tr><tr><td>Zitronella &amp; Liesl Schnattermeier, Klinikclowns</td><td>Rita Höppner</td></tr><tr><td>retex</td><td>retex</td></tr></tbody></table></figure>



<div class="wp-block-columns is-layout-flex wp-container-core-columns-is-layout-9d6595d7 wp-block-columns-is-layout-flex">
<div class="wp-block-column is-layout-flow wp-block-column-is-layout-flow"></div>



<div class="wp-block-column is-layout-flow wp-block-column-is-layout-flow"></div>
</div>
</div></div>
</div></div>
</div>
</div>



<p><strong>Rechtswirksamkeit dieses Haftungsausschlusses</strong></p>



<p>Sollten einzelne Regelungen oder Formulierungen dieses Haftungsausschlusses unwirksam sein oder werden, bleiben die übrigen Regelungen in ihrem Inhalt und ihrer Gültigkeit hiervon unberührt.</p>



<p>Quelle:&nbsp;<a href="http://www.anwalt-seiten.de/">http://www.anwalt-seiten.de</a>&nbsp; und Überarbeitung durch einen Rechtsanwalt</p>

<p>„Irren ist menschlich“ e.V.Verein für Psychiatrie-Erfahrene in und um RegensburgWollwirkergasse 493047 Regensburg Telefon: 0941 – 50479777Vereinsregister- Nummer beim Amtsgericht Regensburg: VR Nr. 1567V.i.S.d.P.: Chris Kerbeck Disclaimer – Haftungsausschluss Haftung für<a class="more-link" href="https://seelischegesundheit-regensburg.de/?page_id=10"><span class="screen-reader-text">&#8222;Impressum&#8220;</span> weiterlesen</a></p>
