{"id":11,"date":"2021-08-29T07:31:53","date_gmt":"2021-08-29T07:31:53","guid":{"rendered":"https:\/\/seelischegesundheit-regensburg.de\/?page_id=11"},"modified":"2023-07-28T15:37:32","modified_gmt":"2023-07-28T15:37:32","slug":"was-ist","status":"publish","type":"page","link":"https:\/\/seelischegesundheit-regensburg.de\/?page_id=11","title":{"rendered":"Was ist &#8230;."},"content":{"rendered":"\n<div class=\"wp-block-cover alignfull is-light\" style=\"min-height:473px;aspect-ratio:unset;\"><span aria-hidden=\"true\" class=\"wp-block-cover__background has-background-dim-100 has-background-dim\" style=\"background-color:#ffffff\"><\/span><div class=\"wp-block-cover__inner-container is-layout-flow wp-block-cover-is-layout-flow\">\n<div class=\"wp-block-media-text alignwide is-stacked-on-mobile is-vertically-aligned-center is-image-fill\" style=\"grid-template-columns:41% auto\"><figure class=\"wp-block-media-text__media\" style=\"background-image:url(https:\/\/seelischegesundheit-regensburg.de\/wp-content\/uploads\/2021\/08\/woche-header-clean-1080x1080-1-1024x1024.png);background-position:50% 50%\"><img loading=\"lazy\" decoding=\"async\" width=\"1024\" height=\"1024\" src=\"https:\/\/seelischegesundheit-regensburg.de\/wp-content\/uploads\/2021\/08\/woche-header-clean-1080x1080-1-1024x1024.png\" alt=\"\" class=\"wp-image-74 size-full\" srcset=\"https:\/\/seelischegesundheit-regensburg.de\/wp-content\/uploads\/2021\/08\/woche-header-clean-1080x1080-1-1024x1024.png 1024w, https:\/\/seelischegesundheit-regensburg.de\/wp-content\/uploads\/2021\/08\/woche-header-clean-1080x1080-1-300x300.png 300w, https:\/\/seelischegesundheit-regensburg.de\/wp-content\/uploads\/2021\/08\/woche-header-clean-1080x1080-1-150x150.png 150w, https:\/\/seelischegesundheit-regensburg.de\/wp-content\/uploads\/2021\/08\/woche-header-clean-1080x1080-1-768x768.png 768w, https:\/\/seelischegesundheit-regensburg.de\/wp-content\/uploads\/2021\/08\/woche-header-clean-1080x1080-1.png 1080w\" sizes=\"auto, (max-width: 1024px) 100vw, 1024px\" \/><\/figure><div class=\"wp-block-media-text__content\">\n<h2 class=\"wp-block-heading has-text-color\" style=\"color:#000000;font-size:32px\">Die Woche der seelischen Gesundheit<\/h2>\n\n\n\n<p class=\"has-text-color\" style=\"color:#000000;font-size:17px\"> Seelische Gesundheit geht uns alle an! Um Bewusstsein f\u00fcr das Thema zu schaffen und um Solidarit\u00e4t mit Menschen mit psychischen Erkrankungen zu zeigen, wurde im Jahr 1992 der  10. Oktober von der Weltgesundheitsorganisation (World Health Organization &#8211; WHO) zum \u201eWelttag der seelischen Gesundheit\u201c (World Mental Health Day) deklariert. <\/p>\n<\/div><\/div>\n<\/div><\/div>\n\n\n\n<div class=\"wp-block-columns is-layout-flex wp-container-core-columns-is-layout-9d6595d7 wp-block-columns-is-layout-flex\">\n<div class=\"wp-block-column is-layout-flow wp-block-column-is-layout-flow\" style=\"flex-basis:50%\">\n<p>Seit 2010 veranstaltet das bundesweite <a href=\"http:\/\/seelischegesundheit.net\" data-type=\"URL\" data-id=\"seelischegesundheit.net\">Aktionsb\u00fcndnis Seelische Gesundheit<\/a> rund um diesen Tag in ganz Deutschland <br>die \u201e<strong>Woche der seelischen Gesundheit<\/strong>\u201c.<\/p>\n<\/div>\n\n\n\n<div class=\"wp-block-column is-layout-flow wp-block-column-is-layout-flow\" style=\"flex-basis:50%\">\n<p>Der Zusammenschluss <em>Seelische Gesundheit Regensburg<\/em> bietet entsprechend eine Plattform f\u00fcr alle Aktionen im Rahmen der Woche der seelischen Gesundheit in der Region.<\/p>\n<\/div>\n<\/div>\n\n\n\n<div style=\"height:39px\" aria-hidden=\"true\" class=\"wp-block-spacer\"><\/div>\n\n\n\n<hr class=\"wp-block-separator has-css-opacity is-style-wide\"\/>\n\n\n\n<div style=\"height:35px\" aria-hidden=\"true\" class=\"wp-block-spacer\"><\/div>\n\n\n\n<figure class=\"wp-block-image is-resized is-style-default\"><img loading=\"lazy\" decoding=\"async\" src=\"https:\/\/seelischegesundheit-regensburg.de\/wp-content\/uploads\/2021\/08\/green-ribbon-logo-srgb-1-1.png\" alt=\"\" class=\"wp-image-64\" width=\"354\" height=\"207\" srcset=\"https:\/\/seelischegesundheit-regensburg.de\/wp-content\/uploads\/2021\/08\/green-ribbon-logo-srgb-1-1.png 1023w, https:\/\/seelischegesundheit-regensburg.de\/wp-content\/uploads\/2021\/08\/green-ribbon-logo-srgb-1-1-300x176.png 300w, https:\/\/seelischegesundheit-regensburg.de\/wp-content\/uploads\/2021\/08\/green-ribbon-logo-srgb-1-1-768x450.png 768w\" sizes=\"auto, (max-width: 354px) 100vw, 354px\" \/><\/figure>\n\n\n\n<h2 class=\"wp-block-heading\">Die gr\u00fcne Schleife &#8211; Ein Zeichen setzen!<\/h2>\n\n\n\n<div class=\"wp-block-columns is-layout-flex wp-container-core-columns-is-layout-9d6595d7 wp-block-columns-is-layout-flex\">\n<div class=\"wp-block-column is-layout-flow wp-block-column-is-layout-flow\" style=\"flex-basis:100%\">\n<div class=\"wp-block-columns is-layout-flex wp-container-core-columns-is-layout-9d6595d7 wp-block-columns-is-layout-flex\">\n<div class=\"wp-block-column is-layout-flow wp-block-column-is-layout-flow\" style=\"flex-basis:100%\">\n<div class=\"wp-block-columns is-layout-flex wp-container-core-columns-is-layout-9d6595d7 wp-block-columns-is-layout-flex\">\n<div class=\"wp-block-column is-layout-flow wp-block-column-is-layout-flow\" style=\"flex-basis:50%\">\n<p>Es kann jede*n treffen. Jederzeit. In jedem Alter. Psychische Erkrankungen sind ebenso schicksalhaft wie k\u00f6rperlich-organische Erkrankungen. Die menschliche Psyche kann erkranken, weil \u201eder Sitz der Seele\u201c \u2013 das Gehirn \u2013 ein Organ ist wie jedes andere. <\/p>\n<\/div>\n\n\n\n<div class=\"wp-block-column is-layout-flow wp-block-column-is-layout-flow\" style=\"flex-basis:50%\">\n<p>Es ist verletzlich, es altert und es ist nicht unendlich belastbar: Schon eine Gehirnersch\u00fctterung kann eine Psychose ausl\u00f6sen, eine unertr\u00e4gliche Lebenssituation kann die \u201eChemie im Kopf\u201c durcheinanderbringen. Und manche Menschen sind erblich vorbelastet.<\/p>\n<\/div>\n<\/div>\n<\/div>\n<\/div>\n\n\n\n<p>Man kann die gr\u00fcne Schleife kostenfrei bestellen unter<\/p>\n\n\n\n<p><a href=\"http:\/\/Bestellung gr\u00fcne Sschleifen\" target=\"_blank\" rel=\"noreferrer noopener\">https:\/\/www.dgppn.de\/schwerpunkte\/basisinformationen\/bestellung-schleifen.html<\/a><\/p>\n\n\n\n<p><\/p>\n<\/div>\n<\/div>\n\n\n\n<hr class=\"wp-block-separator has-css-opacity is-style-wide\"\/>\n\n\n\n<div class=\"wp-block-media-text alignwide is-stacked-on-mobile\"><figure class=\"wp-block-media-text__media\"><img loading=\"lazy\" decoding=\"async\" width=\"1024\" height=\"1024\" src=\"https:\/\/seelischegesundheit-regensburg.de\/wp-content\/uploads\/2021\/08\/meeting-1002800_1920-1024x1024.jpg\" alt=\"\" class=\"wp-image-211 size-full\" srcset=\"https:\/\/seelischegesundheit-regensburg.de\/wp-content\/uploads\/2021\/08\/meeting-1002800_1920-1024x1024.jpg 1024w, https:\/\/seelischegesundheit-regensburg.de\/wp-content\/uploads\/2021\/08\/meeting-1002800_1920-300x300.jpg 300w, https:\/\/seelischegesundheit-regensburg.de\/wp-content\/uploads\/2021\/08\/meeting-1002800_1920-150x150.jpg 150w, https:\/\/seelischegesundheit-regensburg.de\/wp-content\/uploads\/2021\/08\/meeting-1002800_1920-768x768.jpg 768w, https:\/\/seelischegesundheit-regensburg.de\/wp-content\/uploads\/2021\/08\/meeting-1002800_1920-1536x1536.jpg 1536w, https:\/\/seelischegesundheit-regensburg.de\/wp-content\/uploads\/2021\/08\/meeting-1002800_1920-1568x1568.jpg 1568w, https:\/\/seelischegesundheit-regensburg.de\/wp-content\/uploads\/2021\/08\/meeting-1002800_1920.jpg 1920w\" sizes=\"auto, (max-width: 1024px) 100vw, 1024px\" \/><\/figure><div class=\"wp-block-media-text__content\">\n<h2 class=\"wp-block-heading\">Psychische Erkankungen<\/h2>\n<\/div><\/div>\n\n\n\n<p>Psychische Erkrankungen sind Volkskrankheiten. Millionen Menschen allein in Deutschland sind betroffen.<\/p>\n\n\n\n<p>Wussten Sie, dass &#8230;<\/p>\n\n\n\n<p>\u2026 bundesweit mehr als jeder vierte Erwachsene Kriterien einer psychischen Erkrankung erf\u00fcllt?<\/p>\n\n\n\n<p>\u2026 im Vergleich zur Allgemeinbev\u00f6lkerung Menschen mit psychischen Erkrankungen eine um zehn Jahre verringerte Lebenserwartung haben?<\/p>\n\n\n\n<p>\u2026 psychische Erkrankungen mit 42 Prozent der h\u00e4ufigste Grund f\u00fcr Fr\u00fchverrentungen darstellen?<\/p>\n\n\n\n<p>&#8230; psychische Erkrankungen leicht\/gut zu behandeln sind? Man muss sich nur trauen, offen damit umzugehen und sich Hilfe zu holen.<\/p>\n\n\n\n<p>Unterst\u00fctzung finden sie bei folgenden Einrichtungen: <a href=\"https:\/\/seelischegesundheit-regensburg.de\/?page_id=6\" target=\"_blank\" rel=\"noreferrer noopener\">Bitte hier klicken<\/a>.<\/p>\n","protected":false},"excerpt":{"rendered":"<p>Seit 2010 veranstaltet das bundesweite Aktionsb\u00fcndnis Seelische Gesundheit rund um diesen Tag in ganz Deutschland die \u201eWoche der seelischen Gesundheit\u201c. Der Zusammenschluss Seelische Gesundheit Regensburg bietet entsprechend eine Plattform f\u00fcr<a class=\"more-link\" href=\"https:\/\/seelischegesundheit-regensburg.de\/?page_id=11\"><span class=\"screen-reader-text\">&#8222;Was ist &#8230;.&#8220;<\/span> weiterlesen<\/a><\/p>\n","protected":false},"author":1,"featured_media":0,"parent":0,"menu_order":0,"comment_status":"closed","ping_status":"closed","template":"","meta":{"footnotes":""},"class_list":["post-11","page","type-page","status-publish","hentry","entry"],"_links":{"self":[{"href":"https:\/\/seelischegesundheit-regensburg.de\/index.php?rest_route=\/wp\/v2\/pages\/11","targetHints":{"allow":["GET"]}}],"collection":[{"href":"https:\/\/seelischegesundheit-regensburg.de\/index.php?rest_route=\/wp\/v2\/pages"}],"about":[{"href":"https:\/\/seelischegesundheit-regensburg.de\/index.php?rest_route=\/wp\/v2\/types\/page"}],"author":[{"embeddable":true,"href":"https:\/\/seelischegesundheit-regensburg.de\/index.php?rest_route=\/wp\/v2\/users\/1"}],"replies":[{"embeddable":true,"href":"https:\/\/seelischegesundheit-regensburg.de\/index.php?rest_route=%2Fwp%2Fv2%2Fcomments&post=11"}],"version-history":[{"count":19,"href":"https:\/\/seelischegesundheit-regensburg.de\/index.php?rest_route=\/wp\/v2\/pages\/11\/revisions"}],"predecessor-version":[{"id":1320,"href":"https:\/\/seelischegesundheit-regensburg.de\/index.php?rest_route=\/wp\/v2\/pages\/11\/revisions\/1320"}],"wp:attachment":[{"href":"https:\/\/seelischegesundheit-regensburg.de\/index.php?rest_route=%2Fwp%2Fv2%2Fmedia&parent=11"}],"curies":[{"name":"wp","href":"https:\/\/api.w.org\/{rel}","templated":true}]}}

<div class="wp-block-cover alignfull is-light" style="min-height:473px;aspect-ratio:unset;"><span aria-hidden="true" class="wp-block-cover__background has-background-dim-100 has-background-dim" style="background-color:#ffffff"></span><div class="wp-block-cover__inner-container is-layout-flow wp-block-cover-is-layout-flow">
<div class="wp-block-media-text alignwide is-stacked-on-mobile is-vertically-aligned-center is-image-fill" style="grid-template-columns:41% auto"><figure class="wp-block-media-text__media" style="background-image:url(https://seelischegesundheit-regensburg.de/wp-content/uploads/2021/08/woche-header-clean-1080x1080-1-1024x1024.png);background-position:50% 50%"><img loading="lazy" decoding="async" width="1024" height="1024" src="https://seelischegesundheit-regensburg.de/wp-content/uploads/2021/08/woche-header-clean-1080x1080-1-1024x1024.png" alt="" class="wp-image-74 size-full" srcset="https://seelischegesundheit-regensburg.de/wp-content/uploads/2021/08/woche-header-clean-1080x1080-1-1024x1024.png 1024w, https://seelischegesundheit-regensburg.de/wp-content/uploads/2021/08/woche-header-clean-1080x1080-1-300x300.png 300w, https://seelischegesundheit-regensburg.de/wp-content/uploads/2021/08/woche-header-clean-1080x1080-1-150x150.png 150w, https://seelischegesundheit-regensburg.de/wp-content/uploads/2021/08/woche-header-clean-1080x1080-1-768x768.png 768w, https://seelischegesundheit-regensburg.de/wp-content/uploads/2021/08/woche-header-clean-1080x1080-1.png 1080w" sizes="auto, (max-width: 1024px) 100vw, 1024px" /></figure><div class="wp-block-media-text__content">
<h2 class="wp-block-heading has-text-color" style="color:#000000;font-size:32px">Die Woche der seelischen Gesundheit</h2>



<p class="has-text-color" style="color:#000000;font-size:17px"> Seelische Gesundheit geht uns alle an! Um Bewusstsein für das Thema zu schaffen und um Solidarität mit Menschen mit psychischen Erkrankungen zu zeigen, wurde im Jahr 1992 der  10. Oktober von der Weltgesundheitsorganisation (World Health Organization &#8211; WHO) zum „Welttag der seelischen Gesundheit“ (World Mental Health Day) deklariert. </p>
</div></div>
</div></div>



<div class="wp-block-columns is-layout-flex wp-container-core-columns-is-layout-9d6595d7 wp-block-columns-is-layout-flex">
<div class="wp-block-column is-layout-flow wp-block-column-is-layout-flow" style="flex-basis:50%">
<p>Seit 2010 veranstaltet das bundesweite <a href="http://seelischegesundheit.net" data-type="URL" data-id="seelischegesundheit.net">Aktionsbündnis Seelische Gesundheit</a> rund um diesen Tag in ganz Deutschland <br>die „<strong>Woche der seelischen Gesundheit</strong>“.</p>
</div>



<div class="wp-block-column is-layout-flow wp-block-column-is-layout-flow" style="flex-basis:50%">
<p>Der Zusammenschluss <em>Seelische Gesundheit Regensburg</em> bietet entsprechend eine Plattform für alle Aktionen im Rahmen der Woche der seelischen Gesundheit in der Region.</p>
</div>
</div>



<div style="height:39px" aria-hidden="true" class="wp-block-spacer"></div>



<hr class="wp-block-separator has-css-opacity is-style-wide"/>



<div style="height:35px" aria-hidden="true" class="wp-block-spacer"></div>



<figure class="wp-block-image is-resized is-style-default"><img loading="lazy" decoding="async" src="https://seelischegesundheit-regensburg.de/wp-content/uploads/2021/08/green-ribbon-logo-srgb-1-1.png" alt="" class="wp-image-64" width="354" height="207" srcset="https://seelischegesundheit-regensburg.de/wp-content/uploads/2021/08/green-ribbon-logo-srgb-1-1.png 1023w, https://seelischegesundheit-regensburg.de/wp-content/uploads/2021/08/green-ribbon-logo-srgb-1-1-300x176.png 300w, https://seelischegesundheit-regensburg.de/wp-content/uploads/2021/08/green-ribbon-logo-srgb-1-1-768x450.png 768w" sizes="auto, (max-width: 354px) 100vw, 354px" /></figure>



<h2 class="wp-block-heading">Die grüne Schleife &#8211; Ein Zeichen setzen!</h2>



<div class="wp-block-columns is-layout-flex wp-container-core-columns-is-layout-9d6595d7 wp-block-columns-is-layout-flex">
<div class="wp-block-column is-layout-flow wp-block-column-is-layout-flow" style="flex-basis:100%">
<div class="wp-block-columns is-layout-flex wp-container-core-columns-is-layout-9d6595d7 wp-block-columns-is-layout-flex">
<div class="wp-block-column is-layout-flow wp-block-column-is-layout-flow" style="flex-basis:100%">
<div class="wp-block-columns is-layout-flex wp-container-core-columns-is-layout-9d6595d7 wp-block-columns-is-layout-flex">
<div class="wp-block-column is-layout-flow wp-block-column-is-layout-flow" style="flex-basis:50%">
<p>Es kann jede*n treffen. Jederzeit. In jedem Alter. Psychische Erkrankungen sind ebenso schicksalhaft wie körperlich-organische Erkrankungen. Die menschliche Psyche kann erkranken, weil „der Sitz der Seele“ – das Gehirn – ein Organ ist wie jedes andere. </p>
</div>



<div class="wp-block-column is-layout-flow wp-block-column-is-layout-flow" style="flex-basis:50%">
<p>Es ist verletzlich, es altert und es ist nicht unendlich belastbar: Schon eine Gehirnerschütterung kann eine Psychose auslösen, eine unerträgliche Lebenssituation kann die „Chemie im Kopf“ durcheinanderbringen. Und manche Menschen sind erblich vorbelastet.</p>
</div>
</div>
</div>
</div>



<p>Man kann die grüne Schleife kostenfrei bestellen unter</p>



<p><a href="http://Bestellung grüne Sschleifen" target="_blank" rel="noreferrer noopener">https://www.dgppn.de/schwerpunkte/basisinformationen/bestellung-schleifen.html</a></p>



<p></p>
</div>
</div>



<hr class="wp-block-separator has-css-opacity is-style-wide"/>



<div class="wp-block-media-text alignwide is-stacked-on-mobile"><figure class="wp-block-media-text__media"><img loading="lazy" decoding="async" width="1024" height="1024" src="https://seelischegesundheit-regensburg.de/wp-content/uploads/2021/08/meeting-1002800_1920-1024x1024.jpg" alt="" class="wp-image-211 size-full" srcset="https://seelischegesundheit-regensburg.de/wp-content/uploads/2021/08/meeting-1002800_1920-1024x1024.jpg 1024w, https://seelischegesundheit-regensburg.de/wp-content/uploads/2021/08/meeting-1002800_1920-300x300.jpg 300w, https://seelischegesundheit-regensburg.de/wp-content/uploads/2021/08/meeting-1002800_1920-150x150.jpg 150w, https://seelischegesundheit-regensburg.de/wp-content/uploads/2021/08/meeting-1002800_1920-768x768.jpg 768w, https://seelischegesundheit-regensburg.de/wp-content/uploads/2021/08/meeting-1002800_1920-1536x1536.jpg 1536w, https://seelischegesundheit-regensburg.de/wp-content/uploads/2021/08/meeting-1002800_1920-1568x1568.jpg 1568w, https://seelischegesundheit-regensburg.de/wp-content/uploads/2021/08/meeting-1002800_1920.jpg 1920w" sizes="auto, (max-width: 1024px) 100vw, 1024px" /></figure><div class="wp-block-media-text__content">
<h2 class="wp-block-heading">Psychische Erkankungen</h2>
</div></div>



<p>Psychische Erkrankungen sind Volkskrankheiten. Millionen Menschen allein in Deutschland sind betroffen.</p>



<p>Wussten Sie, dass &#8230;</p>



<p>… bundesweit mehr als jeder vierte Erwachsene Kriterien einer psychischen Erkrankung erfüllt?</p>



<p>… im Vergleich zur Allgemeinbevölkerung Menschen mit psychischen Erkrankungen eine um zehn Jahre verringerte Lebenserwartung haben?</p>



<p>… psychische Erkrankungen mit 42 Prozent der häufigste Grund für Frühverrentungen darstellen?</p>



<p>&#8230; psychische Erkrankungen leicht/gut zu behandeln sind? Man muss sich nur trauen, offen damit umzugehen und sich Hilfe zu holen.</p>



<p>Unterstützung finden sie bei folgenden Einrichtungen: <a href="https://seelischegesundheit-regensburg.de/?page_id=6" target="_blank" rel="noreferrer noopener">Bitte hier klicken</a>.</p>

<p>Seit 2010 veranstaltet das bundesweite Aktionsbündnis Seelische Gesundheit rund um diesen Tag in ganz Deutschland die „Woche der seelischen Gesundheit“. Der Zusammenschluss Seelische Gesundheit Regensburg bietet entsprechend eine Plattform für<a class="more-link" href="https://seelischegesundheit-regensburg.de/?page_id=11"><span class="screen-reader-text">&#8222;Was ist &#8230;.&#8220;</span> weiterlesen</a></p>
