{"id":204,"date":"2021-08-31T11:20:06","date_gmt":"2021-08-31T11:20:06","guid":{"rendered":"https:\/\/seelischegesundheit-regensburg.de\/?page_id=204"},"modified":"2023-07-28T15:32:45","modified_gmt":"2023-07-28T15:32:45","slug":"wir-in-den-medien","status":"publish","type":"page","link":"https:\/\/seelischegesundheit-regensburg.de\/?page_id=204","title":{"rendered":"Wir in den Medien &#8230;"},"content":{"rendered":"\n<p>Im Rahmen der bisherigen Aktionswochen liefen verschiedene Beitr\u00e4ge bei TVA zur Woche der Seelischen Gesundheit.<\/p>\n\n\n\n<h2 class=\"wp-block-heading\">TVA Nachgefragt am 08.10.2021<\/h2>\n\n\n\n<div class=\"wp-block-media-text alignwide is-stacked-on-mobile\"><figure class=\"wp-block-media-text__media\"><img loading=\"lazy\" decoding=\"async\" width=\"1024\" height=\"768\" src=\"https:\/\/seelischegesundheit-regensburg.de\/wp-content\/uploads\/2021\/10\/Martin-Lindner-Chris-Kerbeck-Prof.-Berthold-LangguthcRenate-Neuhierl-1024x768.jpg\" alt=\"\" class=\"wp-image-1037 size-full\" srcset=\"https:\/\/seelischegesundheit-regensburg.de\/wp-content\/uploads\/2021\/10\/Martin-Lindner-Chris-Kerbeck-Prof.-Berthold-LangguthcRenate-Neuhierl-1024x768.jpg 1024w, https:\/\/seelischegesundheit-regensburg.de\/wp-content\/uploads\/2021\/10\/Martin-Lindner-Chris-Kerbeck-Prof.-Berthold-LangguthcRenate-Neuhierl-300x225.jpg 300w, https:\/\/seelischegesundheit-regensburg.de\/wp-content\/uploads\/2021\/10\/Martin-Lindner-Chris-Kerbeck-Prof.-Berthold-LangguthcRenate-Neuhierl-768x576.jpg 768w, https:\/\/seelischegesundheit-regensburg.de\/wp-content\/uploads\/2021\/10\/Martin-Lindner-Chris-Kerbeck-Prof.-Berthold-LangguthcRenate-Neuhierl-1536x1152.jpg 1536w, https:\/\/seelischegesundheit-regensburg.de\/wp-content\/uploads\/2021\/10\/Martin-Lindner-Chris-Kerbeck-Prof.-Berthold-LangguthcRenate-Neuhierl-1568x1176.jpg 1568w, https:\/\/seelischegesundheit-regensburg.de\/wp-content\/uploads\/2021\/10\/Martin-Lindner-Chris-Kerbeck-Prof.-Berthold-LangguthcRenate-Neuhierl.jpg 2016w\" sizes=\"auto, (max-width: 1024px) 100vw, 1024px\" \/><\/figure><div class=\"wp-block-media-text__content\">\n<p>Chefmoderator Martin Lindner spricht mit Prof. Dr. Languth und der Betroffen Christiane Kerbeck von <a href=\"http:\/\/www.irren-ist-menschlich-ev.de\" target=\"_blank\" rel=\"noreferrer noopener\">Irren ist menschlich e.V.<\/a> \u00fcber die Woche der Seelischen Gesundheit.<\/p>\n<\/div><\/div>\n\n\n\n<p>Das Video:<\/p>\n\n\n\n<figure class=\"wp-block-video\"><video controls src=\"https:\/\/protection.retarus.com\/v1?u=https%3A%2F%2Ftvaktuell.s3.welocal.world%2Fmedia%2F441138%2Fvideos%2F441138.mp4%3Fresponse-content-disposition%3Dattachment&amp;c=3ikQsng&amp;r=5yE9CRJABVOQav7pdspmYm&amp;k=7s1&amp;s=prVFSIF9M2QklurgqnXvo45aZAYmuSckiQs2uIXnsva\"><\/video><\/figure>\n\n\n\n<div style=\"height:56px\" aria-hidden=\"true\" class=\"wp-block-spacer\"><\/div>\n\n\n\n<p>Einen ersten Eindruck erhalten Sie auf folgenden Seiten:<\/p>\n\n\n\n<p>Filmischer Kurzbeitrag von TVA: <a href=\"https:\/\/www.tvaktuell.com\/mediathek\/video\/regensburg-aktionstag-seelische-gesundheit\/\">https:\/\/www.tvaktuell.com\/mediathek\/video\/regensburg-aktionstag-seelische-gesundheit\/<\/a><\/p>\n\n\n\n<p>Informationen von KISS: <br><a href=\"https:\/\/www.kiss-regensburg.de\/aktuelles\/detailseite?tx_ttnews%5Btt_news%5D=24850&amp;cHash=9691bfb40120a9e98742d017bb6661ff\" target=\"_blank\" rel=\"noreferrer noopener\">https:\/\/www.kiss-regensburg.de\/aktuelles\/detailseite?tx_ttnews%5Btt_news%5D=24850&amp;cHash=9691bfb40120a9e98742d017bb6661ff<\/a><\/p>\n\n\n\n<h2 class=\"wp-block-heading\">TVA: Woche der seelischen Gesundheit &#8211; medbo 14.10.2021<\/h2>\n\n\n\n<figure class=\"wp-block-embed is-type-video is-provider-youtube wp-block-embed-youtube wp-embed-aspect-16-9 wp-has-aspect-ratio\"><div class=\"wp-block-embed__wrapper\">\n<iframe loading=\"lazy\" title=\"TVA: Die Woche der Seelischen Gesundheit - medbo\" width=\"620\" height=\"349\" src=\"https:\/\/www.youtube.com\/embed\/OC4bGqMcnO4?feature=oembed\" frameborder=\"0\" allow=\"accelerometer; autoplay; clipboard-write; encrypted-media; gyroscope; picture-in-picture; web-share\" referrerpolicy=\"strict-origin-when-cross-origin\" allowfullscreen><\/iframe>\n<\/div><figcaption class=\"wp-element-caption\">Klaus Nui\u00dfl ist Genesungsberater bei der medbo. Als solcher hilft er Menschen mit psychischen Problemen beim Umgang mit ihrer Krankheit.<br><\/figcaption><\/figure>\n\n\n\n<div style=\"height:36px\" aria-hidden=\"true\" class=\"wp-block-spacer\"><\/div>\n\n\n\n<h2 class=\"wp-block-heading\">Die Woche der Seelischen Gesundheit in der Mittelbayerischen<\/h2>\n\n\n\n<p><a href=\"https:\/\/www.mittelbayerische.de\/region\/regensburg-stadt-nachrichten\/die-dunklen-kraefte-der-psyche-21179-art2046909.html\">https:\/\/www.mittelbayerische.de\/region\/regensburg-stadt-nachrichten\/die-dunklen-kraefte-der-psyche-21179-art2046909.html<\/a><\/p>\n\n\n\n<p><a href=\"https:\/\/www.mittelbayerische.de\/region\/regensburg-stadt-nachrichten\/gruene-schleifen-mit-symbolcharakter-21179-art2049712.html\">https:\/\/www.mittelbayerische.de\/region\/regensburg-stadt-nachrichten\/gruene-schleifen-mit-symbolcharakter-21179-art2049712.html<\/a><\/p>\n\n\n\n<div style=\"height:58px\" aria-hidden=\"true\" class=\"wp-block-spacer\"><\/div>\n\n\n\n<h2 class=\"wp-block-heading\">Selbsthilfe<\/h2>\n\n\n\n<p>Ein Interview mit Alex, der Gr\u00fcnderin der Selbsthilfegruppe \u201eback to liberty\u201c f\u00fcr Menschen mit Zw\u00e4ngen und \u00c4ngsten<\/p>\n\n\n\n<figure class=\"wp-block-embed is-type-video is-provider-youtube wp-block-embed-youtube wp-embed-aspect-16-9 wp-has-aspect-ratio\"><div class=\"wp-block-embed__wrapper\">\n<iframe loading=\"lazy\" title=\"Was tun, wenn Angst und Zwang dein Leben bestimmen? | Nachgefragt!\" width=\"620\" height=\"349\" src=\"https:\/\/www.youtube.com\/embed\/N5CTuZMOMiQ?start=12&#038;feature=oembed\" frameborder=\"0\" allow=\"accelerometer; autoplay; clipboard-write; encrypted-media; gyroscope; picture-in-picture; web-share\" referrerpolicy=\"strict-origin-when-cross-origin\" allowfullscreen><\/iframe>\n<\/div><\/figure>\n\n\n\n<div style=\"height:36px\" aria-hidden=\"true\" class=\"wp-block-spacer\"><\/div>\n\n\n\n<h2 class=\"wp-block-heading\">Donaustrudel<\/h2>\n\n\n\n<figure class=\"wp-block-image size-large is-style-default\"><img loading=\"lazy\" decoding=\"async\" width=\"826\" height=\"1024\" src=\"https:\/\/seelischegesundheit-regensburg.de\/wp-content\/uploads\/2021\/10\/Donau-Post-Artikel-Gruene-Schleife-22.10.21-826x1024.jpg\" alt=\"\" class=\"wp-image-1150\" srcset=\"https:\/\/seelischegesundheit-regensburg.de\/wp-content\/uploads\/2021\/10\/Donau-Post-Artikel-Gruene-Schleife-22.10.21-826x1024.jpg 826w, https:\/\/seelischegesundheit-regensburg.de\/wp-content\/uploads\/2021\/10\/Donau-Post-Artikel-Gruene-Schleife-22.10.21-242x300.jpg 242w, https:\/\/seelischegesundheit-regensburg.de\/wp-content\/uploads\/2021\/10\/Donau-Post-Artikel-Gruene-Schleife-22.10.21-768x952.jpg 768w, https:\/\/seelischegesundheit-regensburg.de\/wp-content\/uploads\/2021\/10\/Donau-Post-Artikel-Gruene-Schleife-22.10.21-1239x1536.jpg 1239w, https:\/\/seelischegesundheit-regensburg.de\/wp-content\/uploads\/2021\/10\/Donau-Post-Artikel-Gruene-Schleife-22.10.21-1651x2048.jpg 1651w, https:\/\/seelischegesundheit-regensburg.de\/wp-content\/uploads\/2021\/10\/Donau-Post-Artikel-Gruene-Schleife-22.10.21-1568x1945.jpg 1568w\" sizes=\"auto, (max-width: 826px) 100vw, 826px\" \/><figcaption class=\"wp-element-caption\">Gr\u00fcne-Schleifen-Aktion in Falkenstein<\/figcaption><\/figure>\n","protected":false},"excerpt":{"rendered":"<p>Im Rahmen der bisherigen Aktionswochen liefen verschiedene Beitr\u00e4ge bei TVA zur Woche der Seelischen Gesundheit. TVA Nachgefragt am 08.10.2021 Chefmoderator Martin Lindner spricht mit Prof. Dr. Languth und der Betroffen<a class=\"more-link\" href=\"https:\/\/seelischegesundheit-regensburg.de\/?page_id=204\"><span class=\"screen-reader-text\">&#8222;Wir in den Medien &#8230;&#8220;<\/span> weiterlesen<\/a><\/p>\n","protected":false},"author":1,"featured_media":0,"parent":0,"menu_order":0,"comment_status":"closed","ping_status":"closed","template":"","meta":{"footnotes":""},"class_list":["post-204","page","type-page","status-publish","hentry","entry"],"_links":{"self":[{"href":"https:\/\/seelischegesundheit-regensburg.de\/index.php?rest_route=\/wp\/v2\/pages\/204","targetHints":{"allow":["GET"]}}],"collection":[{"href":"https:\/\/seelischegesundheit-regensburg.de\/index.php?rest_route=\/wp\/v2\/pages"}],"about":[{"href":"https:\/\/seelischegesundheit-regensburg.de\/index.php?rest_route=\/wp\/v2\/types\/page"}],"author":[{"embeddable":true,"href":"https:\/\/seelischegesundheit-regensburg.de\/index.php?rest_route=\/wp\/v2\/users\/1"}],"replies":[{"embeddable":true,"href":"https:\/\/seelischegesundheit-regensburg.de\/index.php?rest_route=%2Fwp%2Fv2%2Fcomments&post=204"}],"version-history":[{"count":24,"href":"https:\/\/seelischegesundheit-regensburg.de\/index.php?rest_route=\/wp\/v2\/pages\/204\/revisions"}],"predecessor-version":[{"id":1318,"href":"https:\/\/seelischegesundheit-regensburg.de\/index.php?rest_route=\/wp\/v2\/pages\/204\/revisions\/1318"}],"wp:attachment":[{"href":"https:\/\/seelischegesundheit-regensburg.de\/index.php?rest_route=%2Fwp%2Fv2%2Fmedia&parent=204"}],"curies":[{"name":"wp","href":"https:\/\/api.w.org\/{rel}","templated":true}]}}

<p>Im Rahmen der bisherigen Aktionswochen liefen verschiedene Beiträge bei TVA zur Woche der Seelischen Gesundheit.</p>



<h2 class="wp-block-heading">TVA Nachgefragt am 08.10.2021</h2>



<div class="wp-block-media-text alignwide is-stacked-on-mobile"><figure class="wp-block-media-text__media"><img loading="lazy" decoding="async" width="1024" height="768" src="https://seelischegesundheit-regensburg.de/wp-content/uploads/2021/10/Martin-Lindner-Chris-Kerbeck-Prof.-Berthold-LangguthcRenate-Neuhierl-1024x768.jpg" alt="" class="wp-image-1037 size-full" srcset="https://seelischegesundheit-regensburg.de/wp-content/uploads/2021/10/Martin-Lindner-Chris-Kerbeck-Prof.-Berthold-LangguthcRenate-Neuhierl-1024x768.jpg 1024w, https://seelischegesundheit-regensburg.de/wp-content/uploads/2021/10/Martin-Lindner-Chris-Kerbeck-Prof.-Berthold-LangguthcRenate-Neuhierl-300x225.jpg 300w, https://seelischegesundheit-regensburg.de/wp-content/uploads/2021/10/Martin-Lindner-Chris-Kerbeck-Prof.-Berthold-LangguthcRenate-Neuhierl-768x576.jpg 768w, https://seelischegesundheit-regensburg.de/wp-content/uploads/2021/10/Martin-Lindner-Chris-Kerbeck-Prof.-Berthold-LangguthcRenate-Neuhierl-1536x1152.jpg 1536w, https://seelischegesundheit-regensburg.de/wp-content/uploads/2021/10/Martin-Lindner-Chris-Kerbeck-Prof.-Berthold-LangguthcRenate-Neuhierl-1568x1176.jpg 1568w, https://seelischegesundheit-regensburg.de/wp-content/uploads/2021/10/Martin-Lindner-Chris-Kerbeck-Prof.-Berthold-LangguthcRenate-Neuhierl.jpg 2016w" sizes="auto, (max-width: 1024px) 100vw, 1024px" /></figure><div class="wp-block-media-text__content">
<p>Chefmoderator Martin Lindner spricht mit Prof. Dr. Languth und der Betroffen Christiane Kerbeck von <a href="http://www.irren-ist-menschlich-ev.de" target="_blank" rel="noreferrer noopener">Irren ist menschlich e.V.</a> über die Woche der Seelischen Gesundheit.</p>
</div></div>



<p>Das Video:</p>



<figure class="wp-block-video"><video controls src="https://protection.retarus.com/v1?u=https%3A%2F%2Ftvaktuell.s3.welocal.world%2Fmedia%2F441138%2Fvideos%2F441138.mp4%3Fresponse-content-disposition%3Dattachment&amp;c=3ikQsng&amp;r=5yE9CRJABVOQav7pdspmYm&amp;k=7s1&amp;s=prVFSIF9M2QklurgqnXvo45aZAYmuSckiQs2uIXnsva"></video></figure>



<div style="height:56px" aria-hidden="true" class="wp-block-spacer"></div>



<p>Einen ersten Eindruck erhalten Sie auf folgenden Seiten:</p>



<p>Filmischer Kurzbeitrag von TVA: <a href="https://www.tvaktuell.com/mediathek/video/regensburg-aktionstag-seelische-gesundheit/">https://www.tvaktuell.com/mediathek/video/regensburg-aktionstag-seelische-gesundheit/</a></p>



<p>Informationen von KISS: <br><a href="https://www.kiss-regensburg.de/aktuelles/detailseite?tx_ttnews%5Btt_news%5D=24850&amp;cHash=9691bfb40120a9e98742d017bb6661ff" target="_blank" rel="noreferrer noopener">https://www.kiss-regensburg.de/aktuelles/detailseite?tx_ttnews%5Btt_news%5D=24850&amp;cHash=9691bfb40120a9e98742d017bb6661ff</a></p>



<h2 class="wp-block-heading">TVA: Woche der seelischen Gesundheit &#8211; medbo 14.10.2021</h2>



<figure class="wp-block-embed is-type-video is-provider-youtube wp-block-embed-youtube wp-embed-aspect-16-9 wp-has-aspect-ratio"><div class="wp-block-embed__wrapper">
<iframe loading="lazy" title="TVA: Die Woche der Seelischen Gesundheit - medbo" width="620" height="349" src="https://www.youtube.com/embed/OC4bGqMcnO4?feature=oembed" frameborder="0" allow="accelerometer; autoplay; clipboard-write; encrypted-media; gyroscope; picture-in-picture; web-share" referrerpolicy="strict-origin-when-cross-origin" allowfullscreen></iframe>
</div><figcaption class="wp-element-caption">Klaus Nuißl ist Genesungsberater bei der medbo. Als solcher hilft er Menschen mit psychischen Problemen beim Umgang mit ihrer Krankheit.<br></figcaption></figure>



<div style="height:36px" aria-hidden="true" class="wp-block-spacer"></div>



<h2 class="wp-block-heading">Die Woche der Seelischen Gesundheit in der Mittelbayerischen</h2>



<p><a href="https://www.mittelbayerische.de/region/regensburg-stadt-nachrichten/die-dunklen-kraefte-der-psyche-21179-art2046909.html">https://www.mittelbayerische.de/region/regensburg-stadt-nachrichten/die-dunklen-kraefte-der-psyche-21179-art2046909.html</a></p>



<p><a href="https://www.mittelbayerische.de/region/regensburg-stadt-nachrichten/gruene-schleifen-mit-symbolcharakter-21179-art2049712.html">https://www.mittelbayerische.de/region/regensburg-stadt-nachrichten/gruene-schleifen-mit-symbolcharakter-21179-art2049712.html</a></p>



<div style="height:58px" aria-hidden="true" class="wp-block-spacer"></div>



<h2 class="wp-block-heading">Selbsthilfe</h2>



<p>Ein Interview mit Alex, der Gründerin der Selbsthilfegruppe „back to liberty“ für Menschen mit Zwängen und Ängsten</p>



<figure class="wp-block-embed is-type-video is-provider-youtube wp-block-embed-youtube wp-embed-aspect-16-9 wp-has-aspect-ratio"><div class="wp-block-embed__wrapper">
<iframe loading="lazy" title="Was tun, wenn Angst und Zwang dein Leben bestimmen? | Nachgefragt!" width="620" height="349" src="https://www.youtube.com/embed/N5CTuZMOMiQ?start=12&#038;feature=oembed" frameborder="0" allow="accelerometer; autoplay; clipboard-write; encrypted-media; gyroscope; picture-in-picture; web-share" referrerpolicy="strict-origin-when-cross-origin" allowfullscreen></iframe>
</div></figure>



<div style="height:36px" aria-hidden="true" class="wp-block-spacer"></div>



<h2 class="wp-block-heading">Donaustrudel</h2>



<figure class="wp-block-image size-large is-style-default"><img loading="lazy" decoding="async" width="826" height="1024" src="https://seelischegesundheit-regensburg.de/wp-content/uploads/2021/10/Donau-Post-Artikel-Gruene-Schleife-22.10.21-826x1024.jpg" alt="" class="wp-image-1150" srcset="https://seelischegesundheit-regensburg.de/wp-content/uploads/2021/10/Donau-Post-Artikel-Gruene-Schleife-22.10.21-826x1024.jpg 826w, https://seelischegesundheit-regensburg.de/wp-content/uploads/2021/10/Donau-Post-Artikel-Gruene-Schleife-22.10.21-242x300.jpg 242w, https://seelischegesundheit-regensburg.de/wp-content/uploads/2021/10/Donau-Post-Artikel-Gruene-Schleife-22.10.21-768x952.jpg 768w, https://seelischegesundheit-regensburg.de/wp-content/uploads/2021/10/Donau-Post-Artikel-Gruene-Schleife-22.10.21-1239x1536.jpg 1239w, https://seelischegesundheit-regensburg.de/wp-content/uploads/2021/10/Donau-Post-Artikel-Gruene-Schleife-22.10.21-1651x2048.jpg 1651w, https://seelischegesundheit-regensburg.de/wp-content/uploads/2021/10/Donau-Post-Artikel-Gruene-Schleife-22.10.21-1568x1945.jpg 1568w" sizes="auto, (max-width: 826px) 100vw, 826px" /><figcaption class="wp-element-caption">Grüne-Schleifen-Aktion in Falkenstein</figcaption></figure>

<p>Im Rahmen der bisherigen Aktionswochen liefen verschiedene Beiträge bei TVA zur Woche der Seelischen Gesundheit. TVA Nachgefragt am 08.10.2021 Chefmoderator Martin Lindner spricht mit Prof. Dr. Languth und der Betroffen<a class="more-link" href="https://seelischegesundheit-regensburg.de/?page_id=204"><span class="screen-reader-text">&#8222;Wir in den Medien &#8230;&#8220;</span> weiterlesen</a></p>
