{"id":6,"date":"2021-08-29T07:31:53","date_gmt":"2021-08-29T07:31:53","guid":{"rendered":"https:\/\/seelischegesundheit-regensburg.de\/?page_id=6"},"modified":"2024-09-05T11:37:24","modified_gmt":"2024-09-05T11:37:24","slug":"wir-ueber-uns","status":"publish","type":"page","link":"https:\/\/seelischegesundheit-regensburg.de\/?page_id=6","title":{"rendered":"Wir \u00fcber uns"},"content":{"rendered":"\n<div class=\"wp-block-media-text alignwide is-stacked-on-mobile is-image-fill\"><figure class=\"wp-block-media-text__media\" style=\"background-image:url(https:\/\/seelischegesundheit-regensburg.de\/wp-content\/uploads\/2021\/08\/puzzle-1746561_1920-1024x1024.jpg);background-position:50% 50%\"><img loading=\"lazy\" decoding=\"async\" width=\"1024\" height=\"1024\" src=\"https:\/\/seelischegesundheit-regensburg.de\/wp-content\/uploads\/2021\/08\/puzzle-1746561_1920-1024x1024.jpg\" alt=\"\" class=\"wp-image-209 size-full\" srcset=\"https:\/\/seelischegesundheit-regensburg.de\/wp-content\/uploads\/2021\/08\/puzzle-1746561_1920-1024x1024.jpg 1024w, https:\/\/seelischegesundheit-regensburg.de\/wp-content\/uploads\/2021\/08\/puzzle-1746561_1920-300x300.jpg 300w, https:\/\/seelischegesundheit-regensburg.de\/wp-content\/uploads\/2021\/08\/puzzle-1746561_1920-150x150.jpg 150w, https:\/\/seelischegesundheit-regensburg.de\/wp-content\/uploads\/2021\/08\/puzzle-1746561_1920-768x768.jpg 768w, https:\/\/seelischegesundheit-regensburg.de\/wp-content\/uploads\/2021\/08\/puzzle-1746561_1920-1536x1536.jpg 1536w, https:\/\/seelischegesundheit-regensburg.de\/wp-content\/uploads\/2021\/08\/puzzle-1746561_1920-1568x1568.jpg 1568w, https:\/\/seelischegesundheit-regensburg.de\/wp-content\/uploads\/2021\/08\/puzzle-1746561_1920.jpg 1920w\" sizes=\"auto, (max-width: 1024px) 100vw, 1024px\" \/><\/figure><div class=\"wp-block-media-text__content\">\n<p>Wir sind ein Zusammenschluss aus Vertreter*innen der Selbsthilfe, Betroffenenorganisationen sowie Einrichtungen der regionalen Versorung im psychiatrischen Bereich und engagieren uns im Rahmen der <a href=\"http:\/\/seelischegesundheit.net\/aktionen\/aktionswoche\/\" data-type=\"URL\" data-id=\"http:\/\/seelischegesundheit.net\/aktionen\/aktionswoche\/\">bundesweiten Woche der seelischen Gesundheit <\/a>mit vielf\u00e4ltigen Aktionen und Initiativen. <\/p>\n\n\n\n<p>Unser Ziel ist es, f\u00fcr mehr Solidarit\u00e4t und Verst\u00e4ndnis f\u00fcr Menschen mit psychischen Erkrankungen zu werben.<\/p>\n\n\n\n<p>Ebenso m\u00f6chten wir die <a href=\"http:\/\/seelischegesundheit,net\/aktion\/aktionswoche\/\" data-type=\"URL\">bundesweite Woche der seelischen Gesundheit<\/a> in unserer Region bekannter machen.<\/p>\n<\/div><\/div>\n\n\n\n<h2 class=\"wp-block-heading\">Mitmachen geht einfach!<\/h2>\n\n\n\n<div class=\"wp-block-media-text alignwide has-media-on-the-right is-stacked-on-mobile\"><figure class=\"wp-block-media-text__media\"><img loading=\"lazy\" decoding=\"async\" width=\"640\" height=\"423\" src=\"https:\/\/seelischegesundheit-regensburg.de\/wp-content\/uploads\/2021\/09\/k-DSC_0305.jpg\" alt=\"\" class=\"wp-image-771 size-full\" srcset=\"https:\/\/seelischegesundheit-regensburg.de\/wp-content\/uploads\/2021\/09\/k-DSC_0305.jpg 640w, https:\/\/seelischegesundheit-regensburg.de\/wp-content\/uploads\/2021\/09\/k-DSC_0305-300x198.jpg 300w\" sizes=\"auto, (max-width: 640px) 100vw, 640px\" \/><\/figure><div class=\"wp-block-media-text__content\">\n<p class=\"has-large-font-size\"><\/p>\n\n\n\n<p>Mitstreiter*innen sind jederzeit herzlich willkommen! Bei Interesse an einer Mitarbeit im Rahmen der Aktionswochen der Seelischen Gesundheit Regensburg schicken Sie eine Mail an<br>&nbsp;<a rel=\"noreferrer noopener\" href=\"info@seelischegesundheit-regensburg.de\" data-type=\"URL\" data-id=\"info@seelischegesundheit-regensburg.de\" target=\"_blank\">info(at)seelischegesundheit-regensburg.de<\/a><\/p>\n<\/div><\/div>\n\n\n\n<div style=\"height:100px\" aria-hidden=\"true\" class=\"wp-block-spacer\"><\/div>\n\n\n\n<h2 class=\"wp-block-heading\">Lernen Sie uns kennen &#8230;<\/h2>\n\n\n\n<div style=\"height:22px\" aria-hidden=\"true\" class=\"wp-block-spacer\"><\/div>\n\n\n\n<div class=\"wp-block-gmedia-gallery gmedia-shortcode\"><div class=\"gmedia_gallery amron_module is_bot\" id=\"GmediaGallery_10\" data-gmid=\"10\" data-module=\"amron\"><script type=\"text\/javascript\">\n\t(function() {\n\t\tthis['GmediaGallery_10'] = {\n\t\t\t'settings':{\"collectionThumbRecomendedWidth\":\"260\",\"collectionPreloaderColor\":\"333333\",\"linkTargetWindow\":\"_blank\",\"thumbSpacing\":\"10\",\"tagsFilter\":\"1\",\"tagCloudAll\":\"All\",\"tagCloudTextColor\":\"rgba(0, 0, 0, 1)\",\"tagCloudTextColorOver\":\"rgba(255,255, 255, 1)\",\"tagCloudBgColor\":\"rgba(211, 211, 211, 1)\",\"tagCloudBgColorOver\":\"rgba(11, 11, 11, 1)\",\"collectionThumbHoverColor\":\"rgba(0, 0, 0, .7)\",\"collectionThumbContentBGColor\":\"rgba(245,245,245,1)\",\"collectionThumbTitleShow\":\"1\",\"collectionThumbTitleColor\":\"rgba(0,0,0,1)\",\"collectionThumbFontSize\":\"18\",\"collectionThumbDescriptionShow\":\"1\",\"collectionThumbDescriptionColor\":\"rgba(0,0,0,1)\",\"collectionThumbDescriptionFontSize\":\"15\",\"collectionReadMoreButtonLabel\":\"Read More\",\"collectionReadMoreButtonLabelColor\":\"rgba(255, 255, 255, 1)\",\"collectionReadMoreButtonBGColor\":\"rgba(0, 0, 0, 1)\",\"collectionReadMoreButtonLabelColorHover\":\"rgba(0, 0, 0, 1)\",\"collectionReadMoreButtonBGColorHover\":\"rgba(235,235,235,1)\",\"modaBgColor\":\"rgba(0,0,0,0.9)\",\"modalInfoBoxBgColor\":\"rgba(255,255,255,1)\",\"modalInfoBoxTitleTextColor\":\"000000\",\"modalInfoBoxTextColor\":\"333333\",\"infoBarCountersEnable\":\"1\",\"infoBarDateInfoEnable\":\"1\",\"lightBoxEnable\":\"1\",\"sliderPreloaderColor\":\"ffffff\",\"sliderBgColor\":\"rgba(0,0,0,0.8)\",\"sliderHeaderFooterBgColor\":\"000000\",\"sliderNavigationColor\":\"rgba(0,0,0,1)\",\"sliderNavigationIconColor\":\"rgba(255,255,255,1)\",\"sliderNavigationColorOver\":\"rgba(255,255,255,1)\",\"sliderNavigationIconColorOver\":\"rgba(0,0,0,1)\",\"sliderItemTitleFontSize\":\"24\",\"sliderItemTitleTextColor\":\"ffffff\",\"sliderThumbBarEnable\":\"0\",\"sliderThumbBarHoverColor\":\"ffffff\",\"sliderThumbSubMenuBackgroundColor\":\"rgba(0,0,0,1)\",\"sliderThumbSubMenuBackgroundColorOver\":\"rgba(255,255,255,1)\",\"sliderThumbSubMenuIconColor\":\"rgba(255,255,255,1)\",\"sliderThumbSubMenuIconHoverColor\":\"rgba(0,0,0,1)\",\"sliderInfoEnable\":\"1\",\"sliderItemDownload\":\"1\",\"sliderItemDiscuss\":\"1\",\"sliderSocialShareEnabled\":\"1\",\"sliderLikesEnabled\":\"1\",\"customCSS\":\"\",\"module_url\":\"https:\\\/\\\/seelischegesundheit-regensburg.de\\\/wp-content\\\/plugins\\\/grand-media\\\/module\\\/amron\",\"license\":\"\",\"post_url\":\"https:\\\/\\\/seelischegesundheit-regensburg.de?rest_route=wpv2pages6\"},\n\t\t\t'appQuery':{\"orderby\":\"ID\",\"order\":\"DESC\",\"album__in\":\"9\",\"status\":[\"publish\"],\"limit\":100},\n\t\t\t'appApi':\"https:\\\/\\\/seelischegesundheit-regensburg.de\\\/?gmedia-app=1&gmappversion=4&gmmodule=1\",\n\t\t\t'appInfo':{\"name\":\"Teilnehmer der Aktionswochen\",\"description\":\"\"}};\n\t})();\n<\/script>\n<\/div><\/div>\n\n\n\n<div style=\"height:260px\" aria-hidden=\"true\" class=\"wp-block-spacer\"><\/div>\n\n\n\n<hr class=\"wp-block-separator has-text-color has-background has-secondary-background-color has-secondary-color is-style-wide\"\/>\n","protected":false},"excerpt":{"rendered":"<p>Wir sind ein Zusammenschluss aus Vertreter*innen der Selbsthilfe, Betroffenenorganisationen sowie Einrichtungen der regionalen Versorung im psychiatrischen Bereich und engagieren uns im Rahmen der bundesweiten Woche der seelischen Gesundheit mit vielf\u00e4ltigen<a class=\"more-link\" href=\"https:\/\/seelischegesundheit-regensburg.de\/?page_id=6\"><span class=\"screen-reader-text\">&#8222;Wir \u00fcber uns&#8220;<\/span> weiterlesen<\/a><\/p>\n","protected":false},"author":1,"featured_media":0,"parent":0,"menu_order":2,"comment_status":"closed","ping_status":"closed","template":"","meta":{"footnotes":""},"class_list":["post-6","page","type-page","status-publish","hentry","entry"],"_links":{"self":[{"href":"https:\/\/seelischegesundheit-regensburg.de\/index.php?rest_route=\/wp\/v2\/pages\/6","targetHints":{"allow":["GET"]}}],"collection":[{"href":"https:\/\/seelischegesundheit-regensburg.de\/index.php?rest_route=\/wp\/v2\/pages"}],"about":[{"href":"https:\/\/seelischegesundheit-regensburg.de\/index.php?rest_route=\/wp\/v2\/types\/page"}],"author":[{"embeddable":true,"href":"https:\/\/seelischegesundheit-regensburg.de\/index.php?rest_route=\/wp\/v2\/users\/1"}],"replies":[{"embeddable":true,"href":"https:\/\/seelischegesundheit-regensburg.de\/index.php?rest_route=%2Fwp%2Fv2%2Fcomments&post=6"}],"version-history":[{"count":38,"href":"https:\/\/seelischegesundheit-regensburg.de\/index.php?rest_route=\/wp\/v2\/pages\/6\/revisions"}],"predecessor-version":[{"id":773,"href":"https:\/\/seelischegesundheit-regensburg.de\/index.php?rest_route=\/wp\/v2\/pages\/6\/revisions\/773"}],"wp:attachment":[{"href":"https:\/\/seelischegesundheit-regensburg.de\/index.php?rest_route=%2Fwp%2Fv2%2Fmedia&parent=6"}],"curies":[{"name":"wp","href":"https:\/\/api.w.org\/{rel}","templated":true}]}}

Wir über uns

<div class="wp-block-media-text alignwide is-stacked-on-mobile is-image-fill"><figure class="wp-block-media-text__media" style="background-image:url(https://seelischegesundheit-regensburg.de/wp-content/uploads/2021/08/puzzle-1746561_1920-1024x1024.jpg);background-position:50% 50%"><img loading="lazy" decoding="async" width="1024" height="1024" src="https://seelischegesundheit-regensburg.de/wp-content/uploads/2021/08/puzzle-1746561_1920-1024x1024.jpg" alt="" class="wp-image-209 size-full" srcset="https://seelischegesundheit-regensburg.de/wp-content/uploads/2021/08/puzzle-1746561_1920-1024x1024.jpg 1024w, https://seelischegesundheit-regensburg.de/wp-content/uploads/2021/08/puzzle-1746561_1920-300x300.jpg 300w, https://seelischegesundheit-regensburg.de/wp-content/uploads/2021/08/puzzle-1746561_1920-150x150.jpg 150w, https://seelischegesundheit-regensburg.de/wp-content/uploads/2021/08/puzzle-1746561_1920-768x768.jpg 768w, https://seelischegesundheit-regensburg.de/wp-content/uploads/2021/08/puzzle-1746561_1920-1536x1536.jpg 1536w, https://seelischegesundheit-regensburg.de/wp-content/uploads/2021/08/puzzle-1746561_1920-1568x1568.jpg 1568w, https://seelischegesundheit-regensburg.de/wp-content/uploads/2021/08/puzzle-1746561_1920.jpg 1920w" sizes="auto, (max-width: 1024px) 100vw, 1024px" /></figure><div class="wp-block-media-text__content">
<p>Wir sind ein Zusammenschluss aus Vertreter*innen der Selbsthilfe, Betroffenenorganisationen sowie Einrichtungen der regionalen Versorung im psychiatrischen Bereich und engagieren uns im Rahmen der <a href="http://seelischegesundheit.net/aktionen/aktionswoche/" data-type="URL" data-id="http://seelischegesundheit.net/aktionen/aktionswoche/">bundesweiten Woche der seelischen Gesundheit </a>mit vielfältigen Aktionen und Initiativen. </p>



<p>Unser Ziel ist es, für mehr Solidarität und Verständnis für Menschen mit psychischen Erkrankungen zu werben.</p>



<p>Ebenso möchten wir die <a href="http://seelischegesundheit,net/aktion/aktionswoche/" data-type="URL">bundesweite Woche der seelischen Gesundheit</a> in unserer Region bekannter machen.</p>
</div></div>



<h2 class="wp-block-heading">Mitmachen geht einfach!</h2>



<div class="wp-block-media-text alignwide has-media-on-the-right is-stacked-on-mobile"><figure class="wp-block-media-text__media"><img loading="lazy" decoding="async" width="640" height="423" src="https://seelischegesundheit-regensburg.de/wp-content/uploads/2021/09/k-DSC_0305.jpg" alt="" class="wp-image-771 size-full" srcset="https://seelischegesundheit-regensburg.de/wp-content/uploads/2021/09/k-DSC_0305.jpg 640w, https://seelischegesundheit-regensburg.de/wp-content/uploads/2021/09/k-DSC_0305-300x198.jpg 300w" sizes="auto, (max-width: 640px) 100vw, 640px" /></figure><div class="wp-block-media-text__content">
<p class="has-large-font-size"></p>



<p>Mitstreiter*innen sind jederzeit herzlich willkommen! Bei Interesse an einer Mitarbeit im Rahmen der Aktionswochen der Seelischen Gesundheit Regensburg schicken Sie eine Mail an<br>&nbsp;<a rel="noreferrer noopener" href="info@seelischegesundheit-regensburg.de" data-type="URL" data-id="info@seelischegesundheit-regensburg.de" target="_blank">info(at)seelischegesundheit-regensburg.de</a></p>
</div></div>



<div style="height:100px" aria-hidden="true" class="wp-block-spacer"></div>



<h2 class="wp-block-heading">Lernen Sie uns kennen &#8230;</h2>



<div style="height:22px" aria-hidden="true" class="wp-block-spacer"></div>



<div class="wp-block-gmedia-gallery gmedia-shortcode"><div class="gmedia_gallery amron_module is_bot" id="GmediaGallery_10" data-gmid="10" data-module="amron"><script type="text/javascript">
	(function() {
		this['GmediaGallery_10'] = {
			'settings':{"collectionThumbRecomendedWidth":"260","collectionPreloaderColor":"333333","linkTargetWindow":"_blank","thumbSpacing":"10","tagsFilter":"1","tagCloudAll":"All","tagCloudTextColor":"rgba(0, 0, 0, 1)","tagCloudTextColorOver":"rgba(255,255, 255, 1)","tagCloudBgColor":"rgba(211, 211, 211, 1)","tagCloudBgColorOver":"rgba(11, 11, 11, 1)","collectionThumbHoverColor":"rgba(0, 0, 0, .7)","collectionThumbContentBGColor":"rgba(245,245,245,1)","collectionThumbTitleShow":"1","collectionThumbTitleColor":"rgba(0,0,0,1)","collectionThumbFontSize":"18","collectionThumbDescriptionShow":"1","collectionThumbDescriptionColor":"rgba(0,0,0,1)","collectionThumbDescriptionFontSize":"15","collectionReadMoreButtonLabel":"Read More","collectionReadMoreButtonLabelColor":"rgba(255, 255, 255, 1)","collectionReadMoreButtonBGColor":"rgba(0, 0, 0, 1)","collectionReadMoreButtonLabelColorHover":"rgba(0, 0, 0, 1)","collectionReadMoreButtonBGColorHover":"rgba(235,235,235,1)","modaBgColor":"rgba(0,0,0,0.9)","modalInfoBoxBgColor":"rgba(255,255,255,1)","modalInfoBoxTitleTextColor":"000000","modalInfoBoxTextColor":"333333","infoBarCountersEnable":"1","infoBarDateInfoEnable":"1","lightBoxEnable":"1","sliderPreloaderColor":"ffffff","sliderBgColor":"rgba(0,0,0,0.8)","sliderHeaderFooterBgColor":"000000","sliderNavigationColor":"rgba(0,0,0,1)","sliderNavigationIconColor":"rgba(255,255,255,1)","sliderNavigationColorOver":"rgba(255,255,255,1)","sliderNavigationIconColorOver":"rgba(0,0,0,1)","sliderItemTitleFontSize":"24","sliderItemTitleTextColor":"ffffff","sliderThumbBarEnable":"0","sliderThumbBarHoverColor":"ffffff","sliderThumbSubMenuBackgroundColor":"rgba(0,0,0,1)","sliderThumbSubMenuBackgroundColorOver":"rgba(255,255,255,1)","sliderThumbSubMenuIconColor":"rgba(255,255,255,1)","sliderThumbSubMenuIconHoverColor":"rgba(0,0,0,1)","sliderInfoEnable":"1","sliderItemDownload":"1","sliderItemDiscuss":"1","sliderSocialShareEnabled":"1","sliderLikesEnabled":"1","customCSS":"","module_url":"https:\/\/seelischegesundheit-regensburg.de\/wp-content\/plugins\/grand-media\/module\/amron","license":"","post_url":"https:\/\/seelischegesundheit-regensburg.de?rest_route=wpv2pages6"},
			'appQuery':{"orderby":"ID","order":"DESC","album__in":"9","status":["publish"],"limit":100},
			'appApi':"https:\/\/seelischegesundheit-regensburg.de\/?gmedia-app=1&gmappversion=4&gmmodule=1",
			'appInfo':{"name":"Teilnehmer der Aktionswochen","description":""}};
	})();
</script>
</div></div>



<div style="height:260px" aria-hidden="true" class="wp-block-spacer"></div>



<hr class="wp-block-separator has-text-color has-background has-secondary-background-color has-secondary-color is-style-wide"/>

<p>Wir sind ein Zusammenschluss aus Vertreter*innen der Selbsthilfe, Betroffenenorganisationen sowie Einrichtungen der regionalen Versorung im psychiatrischen Bereich und engagieren uns im Rahmen der bundesweiten Woche der seelischen Gesundheit mit vielfältigen<a class="more-link" href="https://seelischegesundheit-regensburg.de/?page_id=6"><span class="screen-reader-text">&#8222;Wir über uns&#8220;</span> weiterlesen</a></p>
